 - 958. Calculate the remainder when i is divided by 28.
22
Let c(o) = -o**3 + 37*o**2 + 151*o + 7. Calculate the remainder when c(-10) is divided by 16.
13
Let l(o) = o**3 + 2*o**2 + 8*o - 22. Let r be l(4). Let z = -94 + r. What is the remainder when (-2)/((-12)/387)*z/6 is divided by 12?
9
Let z = 2146 - 2134. Let j = 8 - 6. Suppose j*a = 15 + 23. Calculate the remainder when a is divided by z.
7
Suppose 0 = 4*m - 2*q - 226, -m + 2*m = q + 57. Let u = 72 - m. Let r = 4 + 26. What is the remainder when r is divided by u?
14
Let a be (0/1 - 1)/(10/210). Let x(z) = z**3 + 20*z**2 - 24*z - 10. Calculate the remainder when x(a) is divided by 34.
19
Suppose 0*m = 7*m - 553. What is the remainder when m is divided by (17/(-51))/(1*2/(-54))?
7
Let y(q) = -q**3 - 10*q**2 + 12. Let k be y(-10). Suppose -3*i = 2*d - 16, i + 2*d = k - 4. What is the remainder when 50 is divided by i?
2
What is the remainder when 8/(-12)*-102 + 5 is divided by 2/1 - -16 - (27 - 30)?
10
Suppose -74 = -4*t + 6. Let h be (-7)/2*t/(-7). Suppose 0 = 3*c - h - 29. What is the remainder when 35 is divided by c?
9
Let i = 909 - 66. What is the remainder when i is divided by 25?
18
Suppose -1403*d + 108540 = -1373*d. Calculate the remainder when d is divided by 24.
18
Let n = 1 + 4. Suppose 4*y + n*a = 4*a + 48, -2*a = -3*y + 47. Let h = 848 - 812. What is the remainder when h is divided by y?
10
Let q be (0 + -3)/((-441)/(-3381)). Suppose 2*x + 0*x = -2*k + 86, x + 5*k = 59. Let i = x + q. Calculate the remainder when 77 is divided by i.
13
Let l(h) = 3*h**2 + h - h**2 + 185*h**3 - 2 - 195*h**3. Let m be l(1). Let o = 8 - m. Calculate the remainder when 31 is divided by o.
14
Calculate the remainder when 166 is divided by (((-18)/(-189))/((-2)/(-54)))/((-36)/(-252)).
4
Let r(d) = 762*d**2 - 715*d - 12. What is the remainder when r(1) is divided by (0 - 1)*(-1 + -24)?
10
Let g be (-44)/(-20) + 16/20. Calculate the remainder when 327 is divided by 77 - -2 - (g + -7).
78
Suppose 0 = -0*g - 4*g + r + 82, 4*r = g - 28. Calculate the remainder when 14*((-24)/30 - (-186)/g) is divided by 32.
23
Suppose -555 = -9*t + 16*t - 2914. What is the remainder when t is divided by (-8)/(-6)*(-204)/(-8)?
31
Let d be -10 - 68/(-6)*3. Let r be -1 - 1*4*-1. Suppose 15 + d = r*i. What is the remainder when 17 is divided by i?
4
Suppose 5*c - 2*c = 3*n - 945, 2*c - n = -625. Let u = -283 - c. Calculate the remainder when 215 is divided by u.
26
Suppose 187 = g + 3*f, 7*f - 9*f + 748 = 4*g. Calculate the remainder when 977 is divided by g.
42
Let v(f) = 130*f**3 - 3*f**2 - 40*f + 274. Calculate the remainder when v(7) is divided by 22.
19
Let r = -7906 + 8250. Calculate the remainder when r is divided by 154.
36
Suppose 19*a = -34*a + 161 + 210. What is the remainder when 105 is divided by a?
0
Suppose 0 = -b + 2*t + 48, 6*t - 11*t = -5*b + 225. Calculate the remainder when 139 is divided by b.
13
Let q = 13329 - 8610. Suppose q = 6*r + 27*r. Calculate the remainder when r is divided by 8.
7
Let j = 2853 + -2844. Suppose -1644 = -7*w + 652. Calculate the remainder when w is divided by j.
4
Suppose 2*q - 4*q + 16 = 0. Let d(o) = o**2 + 192*o + 5. What is the remainder when q is divided by d(0)?
3
Let v = 277 - -53. What is the remainder when v is divided by 11?
0
Suppose 0 = -11*j + 56*j + 33*j - 2496. What is the remainder when 174 is divided by j?
14
Suppose 3*f = -c + 4*c - 21, -3*c = -f - 11. Suppose p + c = 6. Suppose 144 = 5*o + p*o. Calculate the remainder when 62 is divided by o.
14
Let x be (-348)/(-84) - 1/7. Suppose 0 = 2*r + r - 2*a - 179, x*r - 208 = -5*a. Calculate the remainder when r is divided by 5.
2
Let i(z) = -3*z + 1 - 3*z + 2*z**2 + 3*z - z**3. Let a be i(2). Calculate the remainder when -2 + 6 - (a - 17) is divided by 14.
12
Let n(x) = -x**3 + 61*x**2 + 134*x - 344. What is the remainder when n(63) is divided by 54?
52
Suppose 4*t - 2*c = 2770, 2095 = 450*t - 447*t + 2*c. What is the remainder when t is divided by 241?
213
Let w(b) = -41*b**3 - b**2 - b + 1. Let n = -5978 - -6025. Calculate the remainder when n is divided by w(-1).
5
Calculate the remainder when (3/6)/(24/5136) is divided by 40.
27
Let i = 10 + 222. Let y = -16260 - -16266. Suppose -8*j + i = -y*j. What is the remainder when j is divided by 40?
36
Suppose 32 = 2*l + u, 10*l - 5*l - 67 = 4*u. Suppose 8 = -l*h + 83. Let d = 2 - -15. Calculate the remainder when d is divided by h.
2
Let u(z) = -z**3 - 6*z**2 + 9. Let f be u(-6). Suppose 3*a - 76 = 2*k, -1 = 2*k + f. Suppose -6 = -4*v + a. Calculate the remainder when 10 is divided by v.
3
Suppose -203 + 35 = -22*x + 10*x. Calculate the remainder when 2812 is divided by x.
12
Suppose 4*q - 4*b - 24 = 0, 19 + 4 = 3*q - 4*b. Suppose 2*u = 2*z + 38, -z - 4 = q. What is the remainder when 96 is divided by u?
12
Let s be 4/34 - 1103/(-17). Let l = s + 50. Calculate the remainder when l is divided by 61.
54
Let a(n) = 2*n + 30. Let z(b) = -b - 4 + 0 - 7*b - 3. Calculate the remainder when z(-4) is divided by a(-10).
5
Suppose 0 = -2*c + 6*c - 8. Let m be (4 + -3)/((-1)/(-75)). Suppose m = 4*h + j, 0*h + j = -c*h + 37. Calculate the remainder when 56 is divided by h.
18
Suppose 0 = -m + k + 6, -2*m - 4*k = -0*m + 18. Let w = m - -29. Suppose 10*b = 8*b + 238. What is the remainder when b is divided by w?
29
Suppose -209*t = -214*t - 4*l + 3887, -1541 = -2*t + 3*l. What is the remainder when t is divided by 50?
25
Let z be (3 + (-4 - -1))/((-2)/1). Suppose -y = -4 - z. Suppose 6*v + y = 10. Calculate the remainder when 1 is divided by v.
0
Let y = 613 - 611. Suppose 4*x = y*a - 228, 5*x + 48 = -2*a + 321. Calculate the remainder when a is divided by 23.
9
Calculate the remainder when (61884/189 - -16) + (-6)/14 is divided by 109.
16
Let n be (48/84)/(4/(-14)). Calculate the remainder when 79 is divided by (-153)/(-7) + n - 37/(-259).
19
Let x(z) be the third derivative of -z**5/60 - 11*z**4/24 - 3*z**3 + 3*z**2 - 11. What is the remainder when 1/4 - 374/(-8) is divided by x(-4)?
7
Suppose 221 = c - 3*r, -2*c + 3*r = 2*r - 457. What is the remainder when c is divided by 35?
20
Suppose m - 550 = -3*f, 3*m + 3*f - 1118 = m. What is the remainder when 576 is divided by m?
8
Let v(m) = -m**3 + m**2 - 3*m + 1. Let l(d) = -16*d**3 - 7*d**2 + 14*d - 7. Let c(a) = -l(a) - 3*v(a). What is the remainder when c(3) is divided by 36?
34
Let g(s) = 6*s - 3. Let t(a) = -7*a + 2. Let p(f) = -3*g(f) - 2*t(f). What is the remainder when (114/(-15))/(1/(-5)) is divided by p(-2)?
12
Let i = 322 + 392. Let a = 740 - i. Let v = 238 - 162. Calculate the remainder when v is divided by a.
24
Suppose 5*w - 403 = -2*v + 67, 0 = v + 5. What is the remainder when 212 is divided by w?
20
Suppose -10*g + 15*g - 35 = 0. Calculate the remainder when (-12)/28 + 465/g is divided by 4.
2
Suppose 5*w - 28 = 82. Suppose -13*r + 17 = -w. What is the remainder when r/6*5/((-5)/(-154)) is divided by 27?
23
Let o(s) = -109*s + 234. Calculate the remainder when 468 is divided by o(0).
0
Let s(i) = -64*i**3 + 8*i**2 + 17*i + 12. Let l be s(-4). Calculate the remainder when l/48 - (-10)/(-12) is divided by 44.
42
Suppose -m - 2 = d - 10, -2*d + 31 = 5*m. Suppose d*t - 48 = 57. Calculate the remainder when 58 is divided by t.
23
Let w(b) = b**2 - 2*b + 1. Let j be w(3). Suppose 0 = 117837*l - 117817*l - 2760. Calculate the remainder when l is divided by (-162)/(-8) - 1/j.
18
Suppose -41 = 5*r - 7*r + s, 0 = 5*r + s - 120. Let g = -221 - -563. Calculate the remainder when g is divided by r.
20
Let t(y) = y - 23. Let z be t(-12). Let v be (-13)/(-5) - (-21)/z. Calculate the remainder when 89 is divided by (-470)/(-20) - v/4.
20
Suppose 12 = -4*n + 8*n. What is the remainder when 29 is divided by 10*(n/3)/(-2 + 4)?
4
Let k(u) = u**3 + 6*u**2 - 8*u - 4. Calculate the remainder when 639 is divided by k(-6).
23
Let k(m) = 69*m - 4*m**3 - 2*m**3 + 5*m**3 - 5*m**2 + 3 - 15*m**2. Calculate the remainder when 59 is divided by k(-23).
2
Let k(x) = 595*x + 31. Let q be k(-37). Calculate the remainder when ((-1)/3)/(32/q) is divided by 111.
7
Let y(z) = 4*z**2 - z. Suppose 6 = -u + 46. Let b = u - 20. What is the remainder when y(-3) is divided by b?
19
Suppose 10 = 3*d - 134. Let m = 28547 + -28452. What is the remainder when m